s the tens digit of b?
1
Suppose -5*v - 4*j = 0, 22 + 7 = -v + 5*j. What is the units digit of 7 + -4 - 2*v?
1
Suppose -4*f = -f - 24. Suppose z - 19 + f = 0. What is the units digit of z?
1
Let u(v) = -3*v + 11. Let c be u(-8). Suppose k + 2*n = 11, 4*k = -0*k - 5*n + c. Suppose -3*o = 2*o - k. What is the units digit of o?
1
Let d(a) = a**2 + 7*a + 8. Suppose -5*x = i - 10, 2*i + 3*x + 0 = -8. What is the units digit of d(i)?
8
Let z = 13 - 8. Suppose -2*q + 2*x - 12 = 4, -8 = -3*q - z*x. Let b = 6 + q. What is the units digit of b?
2
Let l(j) = j**3 + 8*j**2 + 12*j. Let u be l(-6). Let q(c) = 16 + 4*c - 5 - 5*c. What is the units digit of q(u)?
1
What is the units digit of 2*(-4 - (-27)/2)?
9
Suppose 3*m - 16 = 8. Suppose -1 = -3*q + m. Let k = q - 2. What is the units digit of k?
1
Suppose 5*i = -0*i + 35. Let m = 33 - 19. Let y = m - i. What is the units digit of y?
7
Let s(c) = 3*c**2 - 2*c - 1. Let t be s(-1). Suppose -q + 5 = t*j, 8*j + 50 = 5*q + 3*j. What is the units digit of q?
9
Suppose 3*k - 256 = b, -5*b = -2*k + 4*k - 199. Suppose 19 = -2*n + k. What is the tens digit of n?
3
Let s = -5 - -7. Suppose -22 = -2*f - 3*o - 2, 2*f + s*o = 20. What is the tens digit of f?
1
Suppose 0*l - 4*l = 4*x - 20, 2*l = -3*x + 13. Suppose 5*q - 8 = x*q. Suppose q*j - 5 = -21, 3*g - 9 = -3*j. What is the units digit of g?
7
Suppose -3*l + w - 22 = -6*l, 4*w - 40 = -4*l. What is the units digit of -3*(-4)/l - -11?
3
Let f(y) = y**3 + 0*y**2 - y**2 + 2*y**2. Let h be f(1). Suppose 4*i + 2*z - 32 = -2*z, 0 = -3*i - h*z + 20. What is the units digit of i?
4
Let x(z) = z**2 + 7*z + 2. Let d be x(-3). Let a = d - -7. Let h = a - -7. What is the units digit of h?
4
Suppose 0 = -4*k + 2*t + 353 - 3, -2*k + 2*t = -176. What is the tens digit of k?
8
Suppose 4*u - 9 - 7 = 0. Suppose 0 = 2*m - 6 - u. What is the units digit of m?
5
Let j = 7 + -5. Suppose o - 1 = w, 1 = 2*o + j*o - 5*w. What is the units digit of o?
4
Let a = 2 + 1. Suppose 3*d + a*h - 5 = 25, -4*d + 22 = -5*h. Let n(q) = -q**3 + 9*q**2 - 9*q + 10. What is the units digit of n(d)?
2
Let i be 0*(-3 + (-5)/(-2)). Let a be 0/(-1) + 0 + 2. Let o = a - i. What is the units digit of o?
2
Suppose 171 = 4*t - 3*r, 81 = 2*t + 5*r - 2*r. What is the tens digit of t/4 + 4/(-8)?
1
Let x = -32 + 99. Suppose -z - x = -5*s, s + 3*z = -0*s + 7. What is the units digit of s?
3
Suppose 0 = -3*k + 3*l + 33, 5*k - 29 = 3*l + 20. Let q(c) = c**2 - 4*c + 5. What is the units digit of q(k)?
7
What is the tens digit of 40/30 - (-365)/3?
2
Let h = 24 - 17. Suppose 11 + h = 3*i + 3*q, 0 = -2*i + 4*q + 24. What is the units digit of i?
8
Suppose -2*f = -4*b - 48, -3*b = 5*f - 7*b - 144. What is the tens digit of f?
3
Suppose -5*t - 4*l = -7, -4*l = -6 + 14. Suppose 0 = t*s + 5*f - 25, -16 - 10 = -4*s - 3*f. Suppose -o - 2 = -s. What is the units digit of o?
3
What is the tens digit of 9/2*-6*80/(-36)?
6
Let w be (-16)/3*171/(-76). Let l = -8 + 16. Let i = w - l. What is the units digit of i?
4
Let r be 0 - (-2 + 4 + -4). What is the tens digit of (r/4)/(3/246)?
4
Suppose -4*z + 7 = -2*m - 3*m, m + 4*z - 13 = 0. Let r be (-1)/(m + 5/(-4)). Suppose 8 = 2*a + r*f, -2*a + 5*f + 24 = f. What is the units digit of a?
8
What is the tens digit of 774/14 + (-10)/35?
5
Suppose -3*j - 2*x = -11, -8*x + 4*x + 10 = 2*j. Suppose 4*s + 5*v = 54, s - 3 = j*v + v. What is the units digit of s?
1
Suppose 2*b + 2*b - 2*w = 10, b + 3*w = 13. Let z = 6 - b. What is the units digit of z?
2
Suppose -4*r = 3*k + 374 + 46, -151 = k + 5*r. What is the units digit of k/(-24) - (-2)/(-3)?
5
Suppose -4*u + 9*u = -25. Let k be ((-66)/15 + 3)*u. What is the units digit of k/1*1 - 3?
4
Suppose -13 = -5*l + 7. Suppose 0 = l*c - 2*o - 14, -o - 14 = -4*c + 3. Suppose 2*j + 5*a = -30 + 79, -3*a - 45 = -c*j. What is the tens digit of j?
1
Let n be 2*((-9)/(-2) - 1). Suppose 3*c + n = 1. What is the tens digit of 2/c*2*-5?
1
Let j(n) = n**3 + 9*n**2 - 2*n + 3. What is the units digit of j(-8)?
3
Let y(z) = 4*z**3 + 4*z**2 - 3. Let n(v) = -v**3 + 1. Let g(m) = 3*n(m) + y(m). Let b be g(-2). Let q = 13 - b. What is the units digit of q?
5
What is the units digit of (-243)/(-3) + 16/4?
5
Let z(u) = -4*u + 3. Let t be z(-4). Suppose 4*i + t = -l, -4*i = -5*l - 29 - 42. What is the units digit of 4/10 - 54/l?
4
Let y = 15 - 11. Suppose 0 = y*u - 20. What is the units digit of u?
5
Suppose 13*u + 26 = 117. What is the units digit of u?
7
Let g(z) = z**3 - 4*z**2 - 3*z - 1. What is the tens digit of g(6)?
5
Let j = 30 - 4. What is the tens digit of j?
2
Let d = -60 - -68. What is the units digit of d?
8
Let f(p) = -p**3 - 8*p**2 - 11*p - 6. What is the units digit of f(-7)?
2
Let o(d) = d**2 + 12*d - 10. What is the tens digit of o(14)?
5
Let u(m) = 3*m**2 + 4*m - 3. Let l be u(-4). Suppose 4*a + l = 129. Let z = a + -13. What is the tens digit of z?
1
Let o(n) = -n**3 + n**2 - n. Let f be (-1)/(-1) + 2 + -5. What is the units digit of o(f)?
4
Let w(b) be the third derivative of b**5/60 + b**3/6 - 3*b**2. Let u(f) = -f**2 + 1. Let p(t) = -u(t) + 2*w(t). What is the units digit of p(-1)?
4
What is the units digit of (-2196)/(-42) - -2 - (-4)/(-14)?
4
Suppose -3*s + 5*j + 216 = 0, -s - 2*j + 45 = -16. What is the tens digit of s?
6
Let s be 2/5 + 8/5. Suppose 0 = 5*p - 4*v - 11, 3*v + v - 19 = -5*p. Let b = p - s. What is the units digit of b?
1
Suppose -51 = -3*w - 4*y + 18, -3*w + 72 = 3*y. What is the units digit of w?
7
Suppose 0 = 2*u - w - 40, -5*w + 26 = 5*u - 104. What is the tens digit of u?
2
Let v(g) = g**3 - 2*g + 29. What is the tens digit of v(0)?
2
Let h(k) = -7*k - 3. Let c(b) = 4*b + 1. Let q(j) = -5*c(j) - 2*h(j). What is the units digit of q(-1)?
7
Let s(u) = u**2 - 7*u + 8. Let n be s(6). What is the units digit of 3/n*(-48)/(-36)?
2
Let j(w) = 7*w**2 - w - 6. What is the tens digit of j(-3)?
6
Let d be (-2)/4 - (-95)/10. Let p = 0 - d. Let k = p - -16. What is the units digit of k?
7
Let t be (6/(-4))/(9/(-24)). Let s(z) = -z - 3. Let v(h) = 3*h + 7. Let k(a) = t*v(a) + 10*s(a). What is the units digit of k(5)?
8
Let a = 49 - 45. What is the units digit of a?
4
What is the tens digit of -1 + 80 + (6 - (3 + 2))?
8
Suppose 44 = -a + 5*a. Let f = a + -3. Suppose 2*k - 2 = f. What is the units digit of k?
5
Suppose 5*r - 10 = 105. What is the tens digit of r?
2
Let r(l) = 1 + 2*l + l**2 + l**3 + 2*l**2 + l**2. Let c be r(-3). Suppose -3*d - 29 = -2*t, -2*t + c*d = -7 - 27. What is the units digit of t?
7
Let j(b) = 3*b. Let s(f) = -3*f - 1. Let t(p) = -2*j(p) - 3*s(p). What is the tens digit of t(4)?
1
Let g = 11 - 8. Suppose -5*k = 3*x - 34 - 26, 0 = g*k. Suppose 0*s + 5*b = -5*s + x, 4*s = 3*b + 51. What is the units digit of s?
9
Let h be 34/(((-1)/(-2))/1). Suppose 0 = 5*z - 25, -c + 0*c - 2*z + 14 = 0. Suppose c*i - h = -16. What is the units digit of i?
3
Suppose -12*c - 1787 + 5519 = 0. What is the tens digit of c?
1
Suppose -2 + 14 = 2*c. Suppose c*o = o. Suppose o = 5*j - 8 - 17. What is the units digit of j?
5
Suppose 87 = 4*x + 11. Let b = -13 + x. Let v = 8 - b. What is the units digit of v?
2
Suppose 2 = -4*x + 2*r, x - 4 + 8 = 4*r. Suppose -2*v + 6*i + 22 = i, x = 2*v + 4*i + 14. What is the units digit of v?
1
Let m = 73 + -21. What is the units digit of m?
2
Let d be (-8)/(1 - (-4)/(-2)). Let a(s) = -s**3 - s**2 + s. Let l(j) = -5*j**3 + 3*j**2 + 12*j + 5. Let z(q) = -4*a(q) + l(q). What is the units digit of z(d)?
5
What is the units digit of 1/5 - 34/(-5)?
7
Suppose -1 + 7 = -2*f. Let b be 1/(-4) + f/(-12). Suppose -g - g + 6 = b. What is the units digit of g?
3
Suppose 298 = 3*l - 137. What is the units digit of l?
5
Suppose -2*t - 5*x = -98, 2*x = -3*t + 133 + 3. Let z = 66 - t. Suppose 4 = j, 6*a - 5*a + 5*j - z = 0. What is the units digit of a?
2
Suppose 4*s - 45 = -s. Suppose 21 = 3*b - s. What is the units digit of b?
0
Suppose p - 3 - 1 = 0. Let t(i) = 2*i**2 - 8*i + 1. Let l be t(7). Suppose -2*m - 3*m + l = p*v, 5*v = 5*m - 25. What is the units digit of m?
7
What is the hundreds digit of (-2)/(-13) - (-6908)/52?
1
Let m(g) = -14*g - 2. Let d = -22 + 19. What is the tens digit of m(d)?
4
Suppose 5*w = -76 + 311. What is the units digit of w?
7
Let q(y) = -y + 9. Let k be q(5). Suppose 3*g = -5*l + 24, -g = -k*g -